63039 and 21.
21
Calculate the greatest common factor of 3137430 and 873540.
690
What is the highest common divisor of 38168705 and 6255?
695
What is the highest common divisor of 6 and 762187032?
6
Calculate the greatest common factor of 20 and 6508416.
4
What is the highest common divisor of 3427224 and 11712?
1464
What is the highest common divisor of 1066236 and 2928?
12
Calculate the greatest common divisor of 3321164 and 140.
28
What is the highest common factor of 424152 and 58824?
3096
What is the greatest common factor of 4760 and 137804?
4
What is the highest common divisor of 2022 and 1083798066?
2022
What is the highest common divisor of 206034 and 264?
6
What is the highest common factor of 28184 and 38753?
3523
What is the highest common factor of 19008 and 13408?
32
Calculate the greatest common factor of 39627954 and 3651.
3651
Calculate the greatest common divisor of 63 and 15557899.
7
What is the highest common divisor of 1 and 5276629?
1
Calculate the greatest common factor of 8021130 and 6288.
786
Calculate the greatest common factor of 1632 and 1511776.
544
Calculate the greatest common divisor of 305 and 146919110.
305
Calculate the greatest common divisor of 7021536 and 3144.
24
What is the highest common divisor of 2413300 and 3300?
100
What is the greatest common factor of 735372810 and 940?
470
What is the highest common factor of 800965 and 22220?
55
What is the greatest common factor of 11676 and 2320320?
12
What is the greatest common factor of 4032 and 10428096?
1344
What is the greatest common factor of 43 and 13666002?
43
Calculate the greatest common divisor of 2106 and 29107188.
162
What is the highest common divisor of 3864 and 104502984?
552
Calculate the greatest common factor of 2576 and 11740212.
92
Calculate the greatest common factor of 3762 and 134482722.
1254
Calculate the greatest common divisor of 346745 and 77.
7
What is the highest common divisor of 61438928 and 12?
4
What is the highest common divisor of 660 and 1947594?
66
Calculate the greatest common factor of 160080452 and 37465.
7493
Calculate the highest common divisor of 3146 and 6523418.
22
Calculate the greatest common divisor of 153806 and 87874.
106
Calculate the greatest common factor of 73795226 and 14359.
173
Calculate the greatest common factor of 7257198 and 542490.
1014
What is the greatest common factor of 20 and 175251730?
10
What is the greatest common divisor of 6320 and 97540?
20
What is the greatest common divisor of 7526 and 25643096?
106
Calculate the greatest common divisor of 280 and 105444280.
40
Calculate the highest common divisor of 483840 and 588600.
1080
Calculate the greatest common factor of 9549085 and 37975.
1085
Calculate the greatest common factor of 100224 and 27579.
87
Calculate the highest common divisor of 9224623 and 1225375.
9803
Calculate the highest common factor of 45076208 and 87.
29
What is the highest common divisor of 77 and 577800069?
77
Calculate the greatest common divisor of 1895682 and 37530.
834
Calculate the greatest common factor of 51587 and 45267.
79
Calculate the greatest common factor of 360 and 202110.
30
What is the greatest common factor of 320190 and 17940?
390
What is the highest common factor of 56486254 and 22?
22
What is the greatest common factor of 206509808 and 16?
16
Calculate the greatest common factor of 347647 and 85375.
683
What is the highest common divisor of 16186592 and 213964?
1436
Calculate the greatest common factor of 4800 and 27108600.
600
What is the highest common divisor of 47014551 and 1431?
477
What is the greatest common factor of 78732 and 24588?
36
What is the greatest common divisor of 1495540 and 4070?
370
Calculate the highest common factor of 758 and 28120663.
379
What is the greatest common divisor of 2779 and 133706027?
2779
What is the highest common divisor of 7993927 and 323?
323
What is the highest common factor of 102136 and 4022356?
3004
Calculate the greatest common divisor of 858252129 and 6873.
6873
Calculate the greatest common divisor of 608 and 380874.
38
What is the greatest common divisor of 44163 and 23373?
63
Calculate the highest common divisor of 8096985 and 90.
45
What is the greatest common divisor of 383416 and 204160?
88
Calculate the highest common factor of 175615 and 1045.
55
What is the greatest common factor of 645968 and 36848?
752
Calculate the highest common divisor of 3795 and 229655.
115
Calculate the highest common factor of 7604884 and 56.
28
What is the highest common factor of 28 and 7429177?
7
Calculate the greatest common factor of 7411864 and 136.
136
What is the greatest common divisor of 3383602 and 890?
178
Calculate the highest common divisor of 6517 and 648774.
133
Calculate the highest common divisor of 955 and 2707425.
955
Calculate the greatest common divisor of 15827596 and 2382.
794
What is the highest common factor of 3846708 and 360?
36
What is the highest common factor of 48730 and 1371370?
110
Calculate the greatest common factor of 1394148 and 882.
294
Calculate the highest common divisor of 3072 and 4248.
24
What is the greatest common divisor of 158627301 and 8127?
903
What is the highest common factor of 492952 and 47816?
344
What is the greatest common factor of 99975 and 3031242?
3999
Calculate the greatest common divisor of 112 and 458532544.
16
What is the highest common factor of 12153356 and 8?
4
Calculate the highest common divisor of 6816383 and 95.
19
Calculate the greatest common divisor of 2013946047 and 9.
9
Calculate the greatest common factor of 43880471 and 356.
89
What is the highest common factor of 85 and 2083032440?
85
Calculate the highest common divisor of 4740489 and 31031.
403
Calculate the greatest common factor of 172666 and 6870.
458
What is the highest common divisor of 954124809 and 363?
363
What is the greatest common divisor of 233 and 674603036?
233
What is the highest common factor of 8954 and 165044?
242
Calculate the highest common divisor of 636715053 and 351.
351
What is the highest common factor of 18712 and 810107972?
9356
What is the highest common factor of 10526918 and 124?
62
Calculate the greatest common divisor of 28212 and 2085337.
2351
What is the greatest common factor of 40156805 and 1105?
1105
What is the highest common divisor of 14689215 and 1325?
265
What is the highest common factor of 95477 and 108064?
307
Calculate the highest common divisor of 238 and 16677561.
17
What is the greatest common factor of 17685124 and 304?
76
What is the greatest common factor of 739679956 and 76?
76
Calculate the greatest common factor of 86830 and 83638.
38
Calculate the greatest common factor of 61 and 21601.
1
Calculate the greatest common factor of 5521529 and 68055.
4537
What is the highest common factor of 3094567 and 333683?
4571
Calculate the highest common divisor of 107713332 and 36.
36
What is the greatest common divisor of 81735375 and 465?
465
Calculate the highest common divisor of 6 and 728766.
6
Calculate the highest common divisor of 1958 and 42268414.
178
What is the highest common divisor of 876667 and 33?
11
Calculate the greatest common factor of 498036 and 163317.
1617
Calculate the greatest common factor of 64441407 and 11169.
3723
Calculate the greatest common factor of 8 and 22329816.
8
Calculate the highest common factor of 87180 and 84.
12
What is the greatest common divisor of 40 and 314800190?
10
What is the greatest common divisor of 28 and 2996581?
7
Calculate the greatest common divisor of 539 and 73007627.
77
What is the highest common factor of 9422998 and 442?
442
Calculate the highest common factor of 43198320 and 495.
165
Calculate the greatest common factor of 9816529 and 19053.
2117
Calculate the highest common factor of 21525 and 57660309.
861
Calculate the greatest common factor of 412 and 84779197.
103
Calculate the highest common divisor of 592 and 7292996.
148
Calculate the greatest common factor of 17 and 2274617.
17
What is the highest common divisor of 279 and 258714?
9
Calculate the highest common divisor of 18929515 and 1408.
11
What is the highest common factor of 1082932 and 2682?
298
Calculate the highest common divisor of 7260 and 9083250.
330
Calculate the greatest common divisor of 8912427 and 1